9 - (37 + -79)
50
What is the value of -43 - (59 + -12 + (-3 - -14))?
-101
What is 3 - 61 - (-90 - -45)?
-13
What is the value of (28 + -49 - (-9 - 29)) + 21?
38
Evaluate -5 + ((-1 - -1) + -13 - -7) + -95 + 16.
-90
What is the value of -56 - (-26 + 37 - 50)?
-17
Calculate 105 + -1 + (-94 - -33).
43
What is the value of (58 + -12 - 60) + (-2 - -30) - -84?
98
What is the value of (94 - 86) + 1 + (-15 - -82)?
76
Evaluate (-2 - -3) + 23 + 36 + -53 + 110.
117
Calculate (41 - (45 - 3) - (-1 - -5)) + -29.
-34
What is the value of 20 - (-43 + -3 + 11) - 24?
31
Evaluate (7 + -11 + 8 + 4 + 1 - 12) + -4.
-7
Evaluate -12 + (13 - 23 - -54 - 7).
25
What is 18 + 113 + -132 - (1 + 51)?
-53
What is the value of -128 + (84 - -29) + (1 - -20)?
6
Evaluate 23 + 55 + -66 - 26.
-14
Calculate (70 - 85) + 50 + -74.
-39
Calculate 14 + 0 + (2 - 22) + 1587 + -1553.
28
Evaluate -10 + 15 + 3 - -7 - -13.
28
What is the value of 20 - (-40 - -9 - -18)?
33
What is the value of -151 + 14 + -15 + 33 + 33?
-86
-32 - (30 - 54) - (24 + (6 - 12))
-26
What is the value of (4 - (-15 - -9)) + (-35 - -17) + 54?
46
(1 - (49 + -33)) + 120 + -4
101
Calculate -24 + (41 - 18 - 15) + 1 + 6 + -12.
-21
Calculate 3 + -81 - (-6 + -1).
-71
(0 - (21 - 17)) + -5 + -73 + -4 - -3
-83
Evaluate 17 - (1 + 33 + 14).
-31
What is the value of 87 + -92 + -46 - -122?
71
Evaluate (-20 - (17 + 12 + -40)) + (-32 - 4).
-45
Calculate -3 - ((153 - 155) + 2 + (0 + 3 - -1)).
-7
(-1 - (44 + -100)) + 37 - (-3 + -1 + 0)
96
What is the value of -32 + -1 - (5 - (42 - -3 - 44))?
-37
What is the value of -1 + (22 - 0) - (3368 - 3355)?
8
What is -6695 - -6578 - (-1 + -60)?
-56
What is the value of -18 - (-41 + 46 + 74)?
-97
What is the value of -60 - ((-118 - 2) + 10)?
50
Calculate (1 + 1 - -7) + -31 + (38 - 7).
9
What is the value of -21 + 2 + (58 - (30 + 38)) + -12?
-41
Calculate -17 + 7 - ((-5 - 11) + -47 - -19).
34
Evaluate 23 + -127 + -33 - -125.
-12
What is the value of (11 - 8) + -22 - (3 + -40 + 52)?
-34
What is (-44 - -2) + (-32 - (44 - 36 - 24))?
-58
What is 19 + -43 + 19 - (69 + 9 + -18)?
-65
Calculate (-33 + 47 - 30) + (-2 - -85 - 4).
63
Calculate 30 + -1 + (-27 - -3 - ((-4 - 14) + 2)).
21
Calculate -18 - ((-4 - 0) + 16 + (3 - 9) + 0).
-24
What is the value of (998 - 1007) + 2 + -33 + (1 + 4 - 8)?
-43
Evaluate (731 - 692) + (-1 - 37) - -21.
22
14 - (64 + -55 + -44)
49
Evaluate -3 + (6 - -1) - (413 + -418).
9
Calculate (9 - -1) + 10 + -11 + (10 - 12) + 15.
22
What is 7 - (8 - (9 - (12 - 2))) - -1?
-1
Calculate -7 + 15 + (1 - (-20 + 31)).
-2
Evaluate -56 - (22 + -2) - ((5 - (-5 - -11)) + 13).
-88
Calculate -15 + 17 + (-10 - 0) + -1 + 57.
48
Evaluate -7 - (-8 + (5 - 15 - -32 - 11 - 4)).
-6
What is the value of 15 - (-12 - (-35 + -6 + 10 + 0))?
-4
(589 - 608) + (3 - -2)
-14
Evaluate -70 - (-204 - (106 - 157)).
83
Calculate 53 + (25 - (43 - -39)).
-4
What is 8 + -42 + 15 + (33 - -5) + -73?
-54
What is the value of -7 + 6 + 8 - (-1 + 2 - (46 - 25))?
27
Calculate 17 + -12 + -107 + -2 + -5 - -5.
-104
Calculate (-45 - 6) + (1193 - 1107).
35
Calculate -13 + 13 + -10 + 5 + 27.
22
What is the value of 54 - ((9 - ((9 - 9) + 16)) + (-8 - -19))?
50
What is the value of (-34 + 13 + 6 - 0) + -5 + 18?
-2
Calculate (-50 - (39 - 113)) + 2.
26
What is the value of 88 - (18 + (-20 - -33) - 22 - (-1 - -9))?
87
What is the value of -6 + 66 - (-77 - -110)?
27
What is the value of 6 + -14 - (20 + -30 - 3 - -8)?
-3
What is the value of 3 - -1 - (318 - 297) - 1?
-18
10 + -15 + 32 + -82
-55
What is the value of -4 + -7 + -8 + 12 + -1 + 71?
63
1591 + -1594 + (-5 - -7) + -1 + -31 + 2
-31
What is the value of -7 - (-10 + 150 - ((-4 - 16 - -10) + 25))?
-132
3375 + -3391 - (1 - 1 - 28)
12
7 + -2 + -26 + (-16 - (24 - 13) - -17)
-31
Calculate (31 - (-17 - -53)) + -22.
-27
Calculate 0 + 4 - (-15 - -17 - (-2 - -1)).
1
What is -16 + -277 + 296 + -8 + 0 + -32?
-37
-19 + 32 + 46 + -157
-98
What is (-162 - -160) + 1 + -16 + 5 - 0?
-12
What is -102 - (-261 + (11 - -63))?
85
What is the value of (3 - 38) + -1 - (-1421 + 1435)?
-50
Evaluate -52 + 47 + -6 + (-1 - -1 - (-1 + 75)).
-85
What is the value of 95 + (-103 - 2) + (70 - 1)?
59
What is the value of (565 - 512) + (-59 - -1)?
-5
Evaluate -97 - (-46 - (6 + 15 + -58)).
-88
What is -87 - (-17 - (21 + 44))?
-5
What is -2 - (116 - 1) - (10599 + -10592)?
-124
What is -8 + 1 - (-9 - (-41 + 48))?
9
What is 119 - (73 + -102 - -23)?
125
What is the value of 310 + 89 + -124 + -139?
136
What is the value of 7 + (13 - 24) + (-100 - (-17 - 0))?
-87
Evaluate (-318 - -113 - -213) + -52 + 0 + (3 - 2).
-43
Evaluate (-3849 - -3742) + 2 + 60.
-45
Calculate 51 - (12 + 85) - -67.
21
Calculate (3 - (-19 + (6 - -4) - -11)) + (15 - -2).
18
Evaluate (-4 - (-104 + (17 - 7) + -4)) + (-14 - -2).
82
What is 34 + (11 - 91 - -63)?
17
Calculate 12 + (-45 + 95 - 62).
0
What is the value of -1 + -5 + (-67 - -83) + 54?
64
What is the value of -1 - (7 + -2 + -1) - (-54 - -6)?
43
66 + -33 - 55 - -109
87
What is the value of 36 + (31 - 64) + (-2 - 0 - 2) + -39?
-40
What is -31 + -29 + (12 - (-31 + 12))?
-29
What is the value of (18 - (-37 + 55)) + (12 - 0)?
12
Evaluate 10 + -24 + (-44 - -121) - 33.
30
-45 + (6 - (0 + (-12 - -21)))
-48
Evaluate 3 + -47 - (693 - 678).
-59
What is -36 - -47 - ((-5 - (15 - -4)) + 8)?
27
What is 19 + -26 - (-21 + 19 + 2 + 24)?
-31
Evaluate (-27 - (44 + -47)) + -57.
-81
Evaluate 12 - 23 - -9 - (10 - -9).
-21
Calculate (2 - 13 - -29 - (-4 - -22)) + 6.
6
What is the value of -62 + -4 + 96 + -34?
-4
-21 - (-26 - -9 - (-13 + 10))
-7
Evaluate (19 - 2) + -5 + (-20 - (-7 - -12 - 1)).
-12
What is the value of -1 + -5 - ((-5 - (17 + -12)) + -11) - -31?
46
What is 37 + 46 + -20 + -116 + -4 + -1?
-58
Evaluate -2 - ((-18 - -8) + (-9 - -20)) - 35.
-38
Calculate -49 + 1 - (21 - (43 + -3)).
-29
What is -2224 + 2118 + (-6 + 3 - -3) + (12 - -1)?
-93
Evaluate -24 + 5 + -29 + 0.
-48
Evaluate 23 + (-27 - (-6 - (-38 + 44))).
8
Calculate (-41 - -14) + 18 + (21 - 32).
-20
Calculate 259 + -247 - (-5 - 27).
44
What is the value of -2 + 10 + (-30 - (-13 + 1 + -8)) + -15?
-17
2 + (-18 - 0) - (-1406 + 1411 + (-1 - 2))
-18
-27 + 7 + (0 - -10) + 66 - -8
64
0 + -1 + (-19 - ((-41 - -14) + -11))
18
1 + 33 + (-35 + 16 - 19)
-4
Evaluate 26 - (26 + -6 - -73).
-67
What is the value of (448 - 460) + (0 - -36) + 2?
26
What is -2 + 144 + (3523 - 3604)?
61
Evaluate 27 + -2 + -25 + 14.
14
Evaluate 37 + (-103 - -53) + 9.
-4
What is the value of (12 + -48 - (2 - 14) - -2) + -8 + 11?
-19
Evaluate (-34 - 1) + -362 + 333 + 30.
-34
(212 - (94 + 0)) + -232
-114
6 - (-14 + -41 + 29)
32
What is the value of -56 - 1 - (64 + -3 + -25 + -52)?
-41
-23 + -11 + -4 + 9
-29
(52 - (119 + -73)) + -9
-3
Evaluate -84 + -3 + 8 + 34.
-45
What is (5 - -135) + 0 - (-2251 + 2274)?
117
Calculate 3 + (2 - 6) - (129 + -119).
-11
What is 3 + 26 - (-24 - -44)?
9
Calculate 76 + (15 - 0 - (-423 - -426)) + -17.
71
What is 32 - ((13 - -10) + -28 - -7)?
30
Calculate -63 + -28 - (-65 - -4).
-30
What is -32 - -6 - 4 - -68?
38
Calculate 31 - (-17 + (82 - 18)).
-16
What is 0 + (-194 - -186 - (3 + -6 + 4))?
-9
(-16 - -66) + (-28 - 1) + 15
36
Calculate 80 - (111 - -52) - -81.
-2
17 + 0 + 5 + (-162 - -198)
58
Calculate 5 - -62 - (-372 - -399).
40
Evaluate -13 - (-30 + -11 + 15 + 4).
9
Evaluate 8 + 3 + -2 + 0 + 50 + 24 + -33.
50
Calculate -127 + (-10 - -2) + (683 - 680).
-132
Evaluate -21 - (3 - 1) - (-205 + 203).
-21
Calculate (2 - (0 - (-3 + 1))) + (25 - (6 - -2)).
17
What is the value of 2090 + -2084 + (-145 - 0 - (2 - (0 + 2)))?
-139
What is the value of 41 + (-40 - (111 + -75))?
-35
What is the value of (-22 + -24 + 20 - -22) + 2?
-2
What is the value of 1 - -9 - (166 - (130 - -78))?
52
What is -2 + -11 + 13 + -21 + 59?
38
-1 + 20 + (17 - 17) + 79 + -91
7
Evaluate 19 - (12 + (29 - 26) + -9).
13
What is the value of 86 + -4 + -34 - 83?
-35
(0 - -16) + ((-27 - 22) + 16 - -75)
58
What is -2 - (12 + (-13 + 18 + -14 - 39))?
34
Calculate (12 + -77 - -47) + 72.
54
Evaluate 138 + -1 + -4 + 6326 + -6366.
93
Evaluate (-270 - -188) + (-11 - (0 - -10)).
-103
What is the value of -26 - (-9 + (11 - 17)) - 35?
-46
What is -8 - (-15 + -10 + 25 + (-3 - 1)) - -48?
44
(0 + -16 - -10) + -51
-57
What is the value of 11 + 13 + (23 - (26 + 61))?
-40
(1 - -22) + -151 + -10 + 129
-9
What is 13 + 9 + -20 - (21 - -